366?
6
Let g(x) = -36*x - 876. Let q be g(-27). Suppose -3*u + 0*u = -18. What is the greatest common divisor of u and q?
6
Let g be ((-28)/(-12))/(-7)*-78. Let f = -17 + g. Suppose 0 = 3*q - 12, 9*q + 48 = 4*j + 12*q. What is the greatest common factor of j and f?
9
Let i(t) = 9*t**2 + 25*t + 30. Let z be i(-9). Let o be 1 + z/4 - 2/(-4). What is the highest common divisor of o and 15?
15
Let y = 2 + 2. Let m be -1*y/6*3. Let c be -4 - 42/(-12) - 19/m. What is the greatest common factor of c and 45?
9
Let r(a) = 14*a**2 - 105*a + 1123. Let i be r(11). Calculate the highest common divisor of i and 18.
6
Suppose 1413*q - 8975 = -2*a + 1418*q, 0 = 5*a - q - 22495. Calculate the highest common factor of 36 and a.
36
Let a be (-5 - 12)*(-19 + (-49)/(-7)). Calculate the highest common factor of a and 867.
51
Suppose -19*q - 449 = -27*q + 471. What is the greatest common divisor of q and 1081?
23
Let q = 90 + -77. Suppose i - q = 7. Let h = i + -7. Calculate the greatest common factor of 1 and h.
1
Suppose q - w = 174, 6*q - 2*q = -2*w + 708. Let h be 1/((-1 + -2)/(-33)). What is the greatest common factor of h and q?
11
Suppose -397*z + 3157524 = 159*z. Calculate the highest common factor of 36 and z.
9
Let j be 31 + 9592/(-308) - (-96602)/14. What is the highest common divisor of j and 12?
12
Suppose 3*q = -3*t + 8*t + 832, 5*q + 472 = -3*t. Let n = -160 - t. What is the highest common factor of 2 and n?
2
Let k(x) = 9*x**2 + x + 3. Let y be k(3). Suppose 2*c - 69 - y = 5*u, 2*c = -3*u + 124. Calculate the highest common factor of 102 and c.
34
Let s = -9293 - -9296. Calculate the greatest common divisor of 1509 and s.
3
Let h = 51 + -43. Let m be ((-150)/(-18) - h)/((-1)/(-12)). Suppose -5*d + m*d + 7 = 0. What is the highest common divisor of 28 and d?
7
Let j be (111 - (3 + 8))*16. What is the highest common factor of 560 and j?
80
Suppose -2307 - 9548 = -358*j + 6045. Calculate the highest common divisor of j and 1285.
5
Suppose -107*w = -214144 - 62344. Calculate the highest common divisor of w and 1224.
136
Let u(a) = -218*a - 31. Let l be u(-2). Let d = -392 + l. Suppose -3*q = -2*r - 3*r + 56, -5*r + 4*q + 53 = 0. What is the highest common divisor of d and r?
13
Let a = -4950 - -7166. Suppose -8*k + 456 = -a. Let z = k - 124. What is the greatest common factor of z and 30?
30
Let h = 2 + 2. Suppose m = 3*s - 13, -s = -m - 1 - h. Let b be (-28)/(-14)*3/((-9)/(-12)). What is the greatest common factor of b and s?
4
Suppose -5*i - 4*f = -20718, -f - 6 = -8. Calculate the greatest common factor of 114 and i.
38
Let k(w) = 14*w**2 + 1. Let d be k(-1). Let v = 9 - -101. Let y = v - -25. What is the greatest common factor of y and d?
15
Let k = 171 + -167. Suppose -k*d - h = -1510, -4*d - 3*h = -0*h - 1514. What is the highest common divisor of 13 and d?
13
Suppose 92 + 84 = -4*s. Let z = 26 - s. Let h be -35*(-6)/3*41/287. What is the greatest common divisor of z and h?
10
Let p = 401 + -382. Suppose 204 + 5021 = p*z. What is the greatest common factor of 22 and z?
11
Suppose -7680 = -2*t + 2504. What is the greatest common divisor of 76 and t?
76
Let h(m) = -m**2 - 4*m + 1. Let y be h(-5). Let a be ((-13)/(-4))/(13/y + 3). Let b be ((-3 - 2) + 1)*a/2. What is the highest common factor of b and 65?
13
Let k be (-938)/(-335) + 8/(-10). Calculate the greatest common factor of 239 and k.
1
Let d = 17219 - 17162. Let b(s) = 5*s**2 + 1. Let z be b(-1). Calculate the greatest common factor of d and z.
3
Let z(d) = 657*d + 11178. Let u be z(-16). What is the highest common factor of u and 288?
18
Suppose 5*q - 66 = 2*l + 140, -55 = -q + 5*l. What is the greatest common divisor of q and 1740?
20
Suppose -10*r + 1650 = 5*r. Suppose 120 = 5*j + r. Calculate the greatest common divisor of 3 and j.
1
Let g be 3131*24/96*8. Calculate the greatest common divisor of 186 and g.
62
Suppose -h = -5*j + 12, h - 3 = -0*h. Suppose 3*k - 1250 = l, -j*l + 165 = -k + 587. Calculate the greatest common divisor of k and 52.
52
Suppose 14 = -6*c + 13*c. Suppose -l - 2*z = -6*z - 29, c*l - 14 = -3*z. What is the greatest common factor of l and 351?
13
Let s = 81 - -126. What is the highest common divisor of 46 and s?
23
Suppose -d + 8*h - 4*h + 35 = 0, 2*h - 4 = 0. Let r(p) = -2*p**3 - 4*p**2 + 11*p + 17. Let b be r(-7). Calculate the highest common divisor of b and d.
43
Let a(z) = -z**3 + 5*z**2 + 5*z. Let v be a(6). Let p be 75/(-10)*68/v. Suppose 1009*i + 9 = 936*i + 3732. What is the highest common divisor of i and p?
17
Let a = -1897 - -3449. What is the highest common factor of 16 and a?
16
Suppose 13*u - 10*u + 171 = 0. Let s = 68 + u. Suppose -6*m + 7*m + 1 = 0, 3*m = -f + s. What is the highest common factor of 28 and f?
14
Let x be (52 - 2)*(-19)/((-380)/8). What is the highest common factor of 26060 and x?
20
Let q = -34 + 32. Let d(h) = 8 - h - 20 - 10*h - 3*h. Let i be d(q). Calculate the greatest common divisor of 304 and i.
16
Suppose 555*p + 4424 = 559*p - 3*q, 3*p - 3308 = q. Calculate the greatest common divisor of 875 and p.
25
Suppose 747*d - 781*d + 423232 = 0. What is the highest common divisor of 48 and d?
16
Let u be ((-12)/(-15) - ((-7536)/(-5))/(-16)) + -5. Calculate the greatest common factor of u and 230.
10
Suppose 57*q - 10*q - 9212 = 0. Let c(j) = j**3 - 8*j**2 + 3*j + 4. Let w be c(8). Calculate the greatest common divisor of q and w.
28
Let z(m) = 2*m**2 - 16*m + 36. Let i be z(4). Suppose 0 = i*v + 722 - 750. Suppose l + 2*l - 21 = 0. Calculate the highest common factor of l and v.
7
Suppose -2*m + 29 = -5*r - 20, 3*r = m - 27. Let v(u) = 7*u + 6. Let i be v(m). Let d = i + -78. What is the highest common factor of 6 and d?
6
Suppose -3*d = -27 - 3. Let u = 16 - 4. Let g = u + -2. Calculate the highest common factor of d and g.
10
Suppose -88 = 2*i - 9*i - 60. Suppose -h = h - 4. Let y be h + 4/(i/1). Calculate the highest common divisor of 3 and y.
3
Let s(b) = 336*b - 754. Let w be s(4). Calculate the highest common factor of w and 15.
5
Let c(n) be the first derivative of -n**2/2 - 10*n + 46. Let z be c(-16). Calculate the highest common factor of 6 and z.
6
Let b be -1*-5*(-3 + (-1 + 8 - 3)). Calculate the greatest common factor of b and 192.
1
Let v be ((-5138)/(-168) - (-1)/6)*8/6. Calculate the highest common factor of v and 32349.
41
Suppose 2212 = 7*v - 3*v + p, -2172 = -4*v + 4*p. Calculate the greatest common divisor of 1914 and v.
29
Let j = -1276 - -1286. Calculate the highest common factor of 29270 and j.
10
Suppose -193*z + 273*z + 89375 = 135*z. What is the greatest common divisor of z and 117?
13
Let x be ((-4)/3)/(28/(-294)). Suppose -o + 24 = -x. Let w = o - -36. Calculate the highest common divisor of w and 37.
37
Suppose 202*d + 1016 = 204*d - 4*s, -d - 2*s = -540. Calculate the greatest common factor of 8777 and d.
131
Suppose 0 = -h - 4*g - 24, 4*g - 8 = 4*h - h. Let p be (-110)/(-15) - h/12. Calculate the highest common divisor of 64 and p.
8
Suppose -7*d = -18 - 17. Suppose -4*p = -15 - d. Suppose x + p*x - 54 = 0. What is the highest common divisor of x and 36?
9
Let m(t) be the second derivative of 5*t**3/6 - 23*t**2 - 41*t. Let y be m(11). Calculate the highest common divisor of y and 9.
9
Let m be 3 + -4 + (-117387)/(-15) - (-36)/(-45). Calculate the greatest common divisor of 3 and m.
3
Suppose -6*j - 64 = -2*j. Let y = 40 + j. Suppose 4*h - q - 1060 = 0, -2*h + 524 = 4*q - 3*q. Calculate the highest common divisor of h and y.
24
Let a = 306 - -390. Calculate the highest common factor of 96 and a.
24
Let c be ((-20)/(-6))/((-6)/(-9)). Suppose 4*f + 10 + 6 = 0, -2*l = -c*f - 80. Let x = 7710 + -7380. Calculate the highest common factor of x and l.
30
Let u(a) = -4*a**3 - a**2 - 21*a + 74. Let r be u(5). Let d be (-12)/(-5)*(-4 + r)/(-14). What is the highest common factor of 18 and d?
6
Suppose -24*o - 2*u - 449 = -27*o, 4*o - 5*u = 587. Let h = 249 - o. Calculate the highest common factor of h and 3.
3
Suppose -c - 3*k + 1951 = 0, 2*c - 3566 - 366 = 4*k. What is the greatest common divisor of 294 and c?
98
Let z = 73 - 70. Suppose 1 = 2*q + 3*h - 2, 5*q = z*h + 18. Suppose -q*d - 9*d = -216. Calculate the greatest common factor of 36 and d.
18
Let m be 156755/642 - 2/12. What is the greatest common divi